 566.
2, 283
What are the prime factors of 4390?
2, 5, 439
List the prime factors of 22076.
2, 5519
List the prime factors of 100146.
2, 3, 16691
List the prime factors of 969.
3, 17, 19
What are the prime factors of 36637?
36637
List the prime factors of 163.
163
What are the prime factors of 960?
2, 3, 5
List the prime factors of 112269.
3, 37423
List the prime factors of 635.
5, 127
What are the prime factors of 21523?
21523
What are the prime factors of 10440?
2, 3, 5, 29
List the prime factors of 74972.
2, 18743
List the prime factors of 818.
2, 409
List the prime factors of 25070.
2, 5, 23, 109
List the prime factors of 475.
5, 19
List the prime factors of 104744.
2, 13093
List the prime factors of 6001.
17, 353
List the prime factors of 20526.
2, 3, 11, 311
List the prime factors of 1409.
1409
List the prime factors of 1465.
5, 293
What are the prime factors of 14828?
2, 11, 337
List the prime factors of 260.
2, 5, 13
List the prime factors of 2563.
11, 233
List the prime factors of 105.
3, 5, 7
What are the prime factors of 2003?
2003
What are the prime factors of 19263?
3, 6421
What are the prime factors of 6884?
2, 1721
List the prime factors of 100879.
281, 359
What are the prime factors of 331?
331
List the prime factors of 5400.
2, 3, 5
List the prime factors of 967.
967
List the prime factors of 8474.
2, 19, 223
List the prime factors of 374.
2, 11, 17
What are the prime factors of 683?
683
List the prime factors of 261.
3, 29
List the prime factors of 7622.
2, 37, 103
What are the prime factors of 33083?
33083
List the prime factors of 16201.
17, 953
List the prime factors of 650.
2, 5, 13
List the prime factors of 13101.
3, 11, 397
List the prime factors of 46345.
5, 13, 23, 31
List the prime factors of 2531.
2531
What are the prime factors of 237?
3, 79
What are the prime factors of 6419?
7, 131
List the prime factors of 2511.
3, 31
List the prime factors of 1239.
3, 7, 59
What are the prime factors of 2975?
5, 7, 17
List the prime factors of 3664.
2, 229
List the prime factors of 755.
5, 151
What are the prime factors of 1095?
3, 5, 73
List the prime factors of 1395.
3, 5, 31
What are the prime factors of 22976?
2, 359
List the prime factors of 6442.
2, 3221
List the prime factors of 10770.
2, 3, 5, 359
List the prime factors of 996.
2, 3, 83
List the prime factors of 6915.
3, 5, 461
What are the prime factors of 28809?
3, 11, 97
What are the prime factors of 9324?
2, 3, 7, 37
List the prime factors of 15049.
101, 149
List the prime factors of 5708.
2, 1427
What are the prime factors of 7308?
2, 3, 7, 29
What are the prime factors of 120447?
3, 1487
List the prime factors of 16547.
16547
What are the prime factors of 184?
2, 23
List the prime factors of 521.
521
What are the prime factors of 87?
3, 29
List the prime factors of 3651.
3, 1217
List the prime factors of 20431.
20431
List the prime factors of 241.
241
List the prime factors of 642.
2, 3, 107
List the prime factors of 14580.
2, 3, 5
What are the prime factors of 133502?
2, 66751
List the prime factors of 23592.
2, 3, 983
What are the prime factors of 28703?
28703
List the prime factors of 6219.
3, 691
What are the prime factors of 5282?
2, 19, 139
List the prime factors of 348.
2, 3, 29
What are the prime factors of 126973?
7, 11, 17, 97
What are the prime factors of 11008?
2, 43
List the prime factors of 12524.
2, 31, 101
List the prime factors of 8680.
2, 5, 7, 31
What are the prime factors of 8455?
5, 19, 89
What are the prime factors of 3414?
2, 3, 569
What are the prime factors of 1441?
11, 131
List the prime factors of 346.
2, 173
What are the prime factors of 1651?
13, 127
List the prime factors of 140191.
140191
What are the prime factors of 173642?
2, 7, 79, 157
What are the prime factors of 623?
7, 89
What are the prime factors of 13080?
2, 3, 5, 109
List the prime factors of 4379.
29, 151
What are the prime factors of 694?
2, 347
What are the prime factors of 2179?
2179
What are the prime factors of 324?
2, 3
List the prime factors of 6754.
2, 11, 307
List the prime factors of 13571.
41, 331
What are the prime factors of 30224?
2, 1889
What are the prime factors of 1483?
1483
What are the prime factors of 9008?
2, 563
What are the prime factors of 2471?
7, 353
List the prime factors of 1196.
2, 13, 23
List the prime factors of 1645.
5, 7, 47
What are the prime factors of 2119?
13, 163
What are the prime factors of 27431?
27431
What are the prime factors of 1338?
2, 3, 223
List the prime factors of 49189.
7, 7027
List the prime factors of 3745.
5, 7, 107
List the prime factors of 52896.
2, 3, 19, 29
List the prime factors of 8090.
2, 5, 809
List the prime factors of 295.
5, 59
What are the prime factors of 88283?
13, 6791
List the prime factors of 36103.
79, 457
List the prime factors of 30401.
7, 43, 101
List the prime factors of 4936.
2, 617
What are the prime factors of 1818?
2, 3, 101
List the prime factors of 77440.
2, 5, 11
What are the prime factors of 16460?
2, 5, 823
What are the prime factors of 8925?
3, 5, 7, 17
List the prime factors of 8246.
2, 7, 19, 31
What are the prime factors of 890?
2, 5, 89
What are the prime factors of 11654?
2, 5827
What are the prime factors of 1655?
5, 331
What are the prime factors of 774?
2, 3, 43
List the prime factors of 7095.
3, 5, 11, 43
List the prime factors of 15990.
2, 3, 5, 13, 41
What are the prime factors of 2815?
5, 563
List the prime factors of 44727.
3, 17, 877
What are the prime factors of 942?
2, 3, 157
What are the prime factors of 4972?
2, 11, 113
List the prime factors of 15595.
5, 3119
List the prime factors of 26863.
26863
List the prime factors of 1847.
1847
What are the prime factors of 4906?
2, 11, 223
List the prime factors of 1540.
2, 5, 7, 11
List the prime factors of 13242.
2, 3, 2207
List the prime factors of 1306.
2, 653
List the prime factors of 84395.
5, 16879
List the prime factors of 200.
2, 5
List the prime factors of 64860.
2, 3, 5, 23, 47
List the prime factors of 801.
3, 89
What are the prime factors of 25178?
2, 12589
List the prime factors of 829.
829
List the prime factors of 9362.
2, 31, 151
List the prime factors of 5302.
2, 11, 241
What are the prime factors of 700?
2, 5, 7
What are the prime factors of 3826?
2, 1913
List the prime factors of 47732.
2, 11933
What are the prime factors of 1395?
3, 5, 31
List the prime factors of 32530.
2, 5, 3253
What are the prime factors of 1252?
2, 313
List the prime factors of 1695.
3, 5, 113
List the prime factors of 19196.
2, 4799
List the prime factors of 268.
2, 67
List the prime factors of 18342.
2, 3, 1019
What are the prime factors of 4560?
2, 3, 5, 19
What are the prime factors of 11953?
11953
What are the prime factors of 3701?
3701
What are the prime factors of 2666?
2, 31, 43
What are the prime factors of 1621?
1621
List the prime factors of 4943.
4943
What are the prime factors of 176220?
2, 3, 5, 11, 89
What are the prime factors of 23729?
61, 389
List the prime factors of 60092.
2, 83, 181
List the prime factors of 1915.
5, 383
What are the prime factors of 125935?
5, 89, 283
List the prime factors of 1471.
1471
What are the prime factors of 77506?
2, 11, 13, 271
What are the prime factors of 23758?
2, 7, 1697
What are the prime factors of 95524?
2, 11, 13, 167
What are the prime factors of 83?
83
What are the prime factors of 3426?
2, 3, 571
List the prime factors of 2869.
19, 151
What are the prime factors of 1349?
19, 71
What are the prime factors of 1444?
2, 19
List the prime factors of 23575.
5, 23, 41
List the prime factors of 60.
2, 3, 5
What are the prime factors of 953?
953
What are the prime factors of 6785?
5, 23, 59
What are the prime factors of 3652?
2, 11, 83
List the prime factors of 411.
3, 137
List the prime factors of 88527.
3, 23, 1283
What are the prime factors of 119216?
2, 7451
List the prime factors of 1813.
7, 37
List the prime factors of 11442.
2, 3, 1907
List the prime factors of 34.
2, 17
What are the prime factors of 170?
2, 5, 17
List the prime factors of 50400.
2, 3, 5, 7
List the prime factors of 33856.
2, 23
What are the prime factors of 4478?
2, 2239
List the prime factors of 635.
5, 127
List the prime factors of 1933.
1933
What are the prime factors of 128994?
2, 3, 21499
What are 